highest common divisor of 808013 and 57?
19
Calculate the greatest common divisor of 95 and 291471229.
19
What is the greatest common divisor of 209634359 and 53737?
3161
Calculate the highest common factor of 5203 and 13918498.
473
What is the highest common factor of 874 and 6200593?
437
What is the greatest common divisor of 10006143 and 559?
43
Calculate the greatest common divisor of 5797312 and 1.
1
Calculate the greatest common factor of 185 and 16666835.
185
Calculate the highest common divisor of 7666371 and 2007.
9
What is the highest common divisor of 450 and 11401650?
450
Calculate the highest common divisor of 56 and 28514906.
14
What is the highest common factor of 72238192 and 80?
16
What is the highest common factor of 267 and 27192437?
89
Calculate the greatest common factor of 125645139 and 3286.
1643
Calculate the greatest common factor of 38 and 5718656.
2
What is the greatest common divisor of 573144 and 10148424?
3432
What is the greatest common divisor of 22 and 228032981?
11
What is the greatest common factor of 112 and 6788670?
14
What is the highest common divisor of 56522 and 37362?
958
Calculate the highest common factor of 237 and 25108491.
237
Calculate the highest common factor of 486 and 909798.
6
Calculate the greatest common divisor of 6374063 and 1824.
19
Calculate the greatest common divisor of 25137 and 569540181.
2793
What is the greatest common factor of 5613601 and 742?
371
What is the highest common factor of 1933904 and 46872?
1736
What is the greatest common factor of 40 and 4610456?
8
What is the greatest common divisor of 48672 and 91036413?
1521
What is the greatest common divisor of 7350 and 40739874?
294
What is the greatest common divisor of 32844 and 447202?
238
What is the greatest common divisor of 1613016 and 438?
6
Calculate the greatest common factor of 84065 and 392955.
1955
Calculate the highest common divisor of 8 and 4095104.
8
Calculate the greatest common factor of 18 and 2507193.
9
What is the greatest common factor of 14638815 and 495?
45
Calculate the greatest common factor of 52925986 and 356.
178
Calculate the greatest common divisor of 837 and 375795.
9
Calculate the highest common factor of 56558429 and 219.
73
What is the highest common factor of 13460470 and 60?
10
What is the highest common divisor of 506 and 391901876?
46
What is the highest common divisor of 248826 and 1194?
6
What is the highest common divisor of 16 and 81746972?
4
What is the greatest common factor of 19001784 and 408?
408
Calculate the highest common divisor of 1670030 and 292030.
530
Calculate the highest common divisor of 273 and 10563189.
273
What is the greatest common factor of 238524 and 1593020?
572
What is the highest common divisor of 972 and 224268480?
108
What is the highest common factor of 35915584 and 64?
64
What is the highest common factor of 33 and 2293489?
11
Calculate the highest common factor of 37956388 and 3866.
3866
Calculate the highest common divisor of 247 and 11523595.
19
Calculate the highest common divisor of 2673 and 40320.
9
What is the greatest common divisor of 49404 and 1108416?
276
What is the highest common factor of 247245109 and 3593?
3593
What is the highest common divisor of 43931131 and 6412?
229
Calculate the highest common divisor of 331823992 and 444.
148
What is the greatest common factor of 105 and 87602760?
105
What is the highest common divisor of 1581125 and 2375?
125
What is the greatest common factor of 4770 and 5880195?
45
Calculate the highest common factor of 1053 and 1595113.
13
Calculate the greatest common factor of 451 and 963796020.
451
Calculate the highest common divisor of 317 and 44757.
1
What is the highest common factor of 2378084 and 12?
4
Calculate the greatest common factor of 6773291 and 986917.
2413
What is the greatest common divisor of 220 and 9353355?
55
What is the highest common divisor of 268710 and 20410?
130
What is the highest common divisor of 10839964 and 49506?
74
What is the greatest common factor of 24560295 and 2355?
2355
What is the highest common divisor of 2292 and 5724?
12
Calculate the greatest common divisor of 6656902 and 23618.
3374
Calculate the highest common factor of 76710260 and 166.
166
Calculate the highest common divisor of 30889 and 18542801.
1343
Calculate the highest common divisor of 365472 and 7128.
648
Calculate the greatest common factor of 22378 and 832207.
67
What is the greatest common divisor of 7328226 and 137145?
669
What is the greatest common divisor of 1919736 and 36792?
504
Calculate the greatest common factor of 1237071 and 31559.
209
What is the greatest common divisor of 497252 and 386332?
236
What is the highest common factor of 31 and 34929188?
31
What is the highest common factor of 32958 and 2706?
6
What is the highest common divisor of 123765810 and 399?
399
What is the highest common divisor of 1166 and 8928274?
106
Calculate the greatest common factor of 4210 and 1017317030.
4210
What is the highest common factor of 196700 and 137900?
700
What is the greatest common factor of 5301046 and 4978?
262
Calculate the greatest common divisor of 3258 and 429270822.
3258
Calculate the greatest common factor of 32 and 4908964.
4
What is the highest common divisor of 20494695 and 115089?
8853
What is the highest common divisor of 1885 and 6169228?
377
Calculate the greatest common divisor of 284984 and 95237.
727
What is the highest common factor of 138795 and 842997?
1461
Calculate the greatest common divisor of 2112 and 5338608.
528
Calculate the highest common divisor of 4882528 and 61344.
2272
Calculate the greatest common divisor of 18270 and 24295446.
3654
What is the highest common factor of 35602 and 366114?
14
What is the highest common divisor of 7 and 1116988159?
7
What is the highest common divisor of 83370056 and 1148?
1148
What is the greatest common divisor of 34734945 and 798?
399
Calculate the highest common divisor of 99021 and 7137.
39
Calculate the highest common factor of 46007375 and 250.
125
Calculate the greatest common factor of 176043059 and 940.
47
Calculate the greatest common divisor of 272 and 306574396.
68
What is the highest common divisor of 35 and 1305892?
7
What is the greatest common factor of 21 and 102801804?
21
What is the greatest common factor of 4970 and 2616530?
70
Calculate the greatest common factor of 72 and 46885536.
72
Calculate the greatest common divisor of 717 and 894666.
3
What is the highest common divisor of 7366950 and 340?
170
What is the highest common factor of 63794 and 3613546?
334
What is the highest common divisor of 11988992 and 24?
8
What is the highest common factor of 5103 and 693924?
21
Calculate the greatest common factor of 4002 and 1017474.
138
What is the greatest common factor of 671 and 151569?
11
What is the highest common factor of 63 and 11299449?
21
What is the highest common divisor of 514108 and 1200388?
1204
Calculate the highest common factor of 322 and 475489.
7
Calculate the greatest common divisor of 2334 and 72697098.
2334
What is the highest common divisor of 7770 and 3971765?
1295
What is the highest common divisor of 1014 and 1300546?
26
Calculate the highest common factor of 3003 and 119045927.
1001
Calculate the greatest common divisor of 6853763 and 7.
7
Calculate the highest common factor of 6208 and 2019584.
64
Calculate the highest common divisor of 9103059 and 9513.
63
Calculate the greatest common divisor of 50 and 979247875.
25
What is the highest common factor of 124336 and 27056?
304
What is the highest common divisor of 124 and 2621732?
124
What is the highest common factor of 9392616 and 1807218?
12294
What is the greatest common divisor of 3380000 and 52?
52
What is the greatest common factor of 244316720 and 160?
80
Calculate the highest common divisor of 10472 and 4450124.
476
What is the greatest common factor of 2932762 and 21?
7
What is the greatest common divisor of 12534203 and 99?
11
Calculate the greatest common factor of 2870 and 2000800.
410
What is the highest common factor of 1182 and 4250078?
394
Calculate the highest common factor of 60 and 1708066460.
20
What is the greatest common divisor of 124752690 and 18?
18
Calculate the highest common divisor of 49543 and 3682